((-1)/6) - 0. What is the units digit of ((-968)/n)/(48/72)?
2
Suppose 0 = -5*x, 0 = -2*w - 5*x - 8 + 4. What is the tens digit of (w - 1) + -9 + 1041?
2
Let h(p) = -38*p**2 - 6*p. Let a be h(-4). What is the tens digit of -4 - 1*(a - -8)?
7
Suppose -2*b + 57127 = -9333. What is the units digit of b?
0
Suppose 0 = -4*d + 4*n + 16, 2 - 9 = -d + 4*n. Suppose 2*h + d*h = 20. Suppose 4*f + z = 136, h*z - 82 = f - 3*f. What is the tens digit of f?
3
Let o(y) = 116*y**2 - 7*y - 9. Let v be o(-5). Let m = -1982 + v. What is the tens digit of m?
4
Suppose -3*m - m + s + 12963 = 0, -4*m - 3*s = -12951. What is the hundreds digit of m?
2
Let n(o) = 6*o - 6. Let m(g) = -g - 1. Let x(r) = 3*m(r) + n(r). Let f be x(13). Let d = f + -15. What is the tens digit of d?
1
What is the units digit of (62555758/12001)/(((-3)/(-11))/3)?
8
Let b be (3/(-6))/(-1)*-4. Let k be 15 + -11 + 1 + 0 - b. What is the units digit of 1*37/k + (-30)/105?
5
Let m be (-2 - 1)/(2/(-18)). Let p = 31 - m. Suppose -2*a = -5*y + 98 + 48, p*y + 3*a = 126. What is the tens digit of y?
3
Suppose 5*g - 12*g - 14 = 0. Let u be -3*48 + (-2 - g - -2). Let z = 44 - u. What is the hundreds digit of z?
1
Let n(c) = 34*c**2 - 200*c + 84. What is the tens digit of n(43)?
5
Suppose 0 = -170*n + 103*n + 4191051. What is the thousands digit of n?
2
Suppose 6*m + 5 = 17. Suppose -c = -m*s + 1, s = -c + 4*s - 3. Suppose 2*y + 3*p - 95 = 0, -c*p - 89 = -3*y + 31. What is the units digit of y?
3
Suppose -46*y + 28 = -44*y. Let o be y/(6/(-9) - (-8)/14). Let b = o - -326. What is the tens digit of b?
7
Suppose 4*i - 15 + 44 = 3*x, -4*x = -4*i - 40. Let o(u) = 120*u - 35. What is the units digit of o(x)?
5
Let r = 78 - 74. Suppose m - r*x = 380, x = -3*x - 4. What is the tens digit of m?
7
Let a = 42 - 42. Suppose 5*r + 0*r - 4*x - 1339 = a, -5*r + 3*x + 1338 = 0. Suppose 4*i + 3*k + 131 - 462 = 0, 4*k = 3*i - r. What is the tens digit of i?
8
Let w be 2 - (-7)/9 - (-30)/135. Let l(k) = -9 - 4*k**w - 3*k**2 - k + k**3 + 4*k**3. What is the units digit of l(5)?
6
Suppose -3*j + 3*d = 3, 9 = 5*d - 11. Suppose -30 = -j*k - 7*k. Suppose -5*m + 0*m = g - 58, 4*g = -k*m + 232. What is the tens digit of g?
5
Suppose -740 - 658 = -6*r. Let w = r + -85. What is the tens digit of w?
4
Suppose 2*k - 32064 = -4*r, 0 = k - 3*k. What is the tens digit of r?
1
Let s(a) = -a**3 - 25*a**2 + 21*a + 17. Let q(i) = -8*i - 2. Let z be q(3). What is the units digit of s(z)?
7
Let a(y) = -1749*y + 62. What is the tens digit of a(-4)?
5
Let s = -87 - -102. Let u(d) = -d**3 + 34*d + s*d**2 - 3*d + 22 - 28*d**2. What is the units digit of u(-15)?
7
Suppose -225*r = -128*r - 762614. What is the units digit of r?
2
Suppose 10*l + 5*i - 367530 = 0, -3*l = -4*i - 152053 + 41816. What is the units digit of l?
1
Let z(a) = -a**2 + 4*a + 8. Let t be z(-4). Let s be -96 + (t/9 - 2/6). What is the units digit of (-22)/s + (-2437)/(-9)?
1
Let h = -317 - -1709. What is the units digit of h?
2
Let n(a) = -a**2 - 19*a - 13. Let i(z) = -9*z - 2. Let r be i(2). Let t be (15*(-3)/r)/((-3)/8). What is the units digit of n(t)?
5
Suppose -7600 = -5*w + k, 3*w + 5*k + 4582 = 6*w. Suppose -3*d = -w + 94. What is the tens digit of d?
7
Let i = -3 + 20. Let w = 8 + i. Suppose 0 = -5*p + w + 225. What is the units digit of p?
0
Suppose n - 5*v + 36 = 0, 8 - 68 = 3*n + v. What is the hundreds digit of ((-16140)/35)/(-1 - 15/n)?
6
Suppose 40 - 142 = 2*b. Let i = -16 + b. Let r = i - -186. What is the units digit of r?
9
Let b be 1 + -2077 + -1*8. Let k = b - -3610. What is the hundreds digit of k?
5
Let b(y) be the second derivative of y**4/12 + y**3/3 - y**2/2 - 15*y. Let g be b(-3). Suppose o + g*o = 69. What is the units digit of o?
3
Suppose 2*n + 12 = 8*n. Let i be -3 + n/(-2) + -94. Let x = -40 - i. What is the tens digit of x?
5
Suppose 2740*y - 19223 = -2*q + 2743*y, -y = -4*q + 38421. What is the hundreds digit of q?
6
Suppose 164*c + 156*c - 328*c + 89440 = 0. What is the thousands digit of c?
1
Let z(i) = 5*i - 36. Suppose 0 = -2*d + 169 - 153. Let m be z(d). Suppose -4*p + m*n + n + 609 = 0, -5*p + 777 = -n. What is the hundreds digit of p?
1
Let g(o) = 2*o**3 - 3*o**2 + 4*o + 2. Let x be g(2). Suppose 0 = x*l - 15*l + 77. Let z = 182 - l. What is the hundreds digit of z?
1
Let r(h) = -h**3 - 4*h**2 - 15*h + 13396. What is the tens digit of r(0)?
9
Suppose -67*k - 4451 = -5*y - 65*k, -3*y + 2*k + 2673 = 0. What is the hundreds digit of y?
8
Suppose 0 = 2*f - 3*f + 2*w + 1, -4*f - 4*w = -40. Suppose f*p + 1213 = 2*g + 4*p, 4*p = -5*g + 2975. What is the units digit of g?
9
Let y(p) = 2*p**2 - 47*p - 33. Let w be y(15). Let o = w + 631. What is the tens digit of o?
4
Suppose -4*p - 62328 = -18*p. Let n = p - 3006. What is the units digit of n?
6
Let d(k) = 10*k**2 - 15*k - 4. Suppose -8*m = -15*m + 77. Let f be d(m). Suppose -3*u - 831 = -4*h - 4*u, -u = -5*h + f. What is the hundreds digit of h?
2
Let o be -5*2/10*-5. Suppose 3*s - 3*a = 1320, 9*s - o*a + 1733 = 13*s. What is the hundreds digit of s?
4
Let n = 49 + -58. What is the units digit of 10398/10 + (n - 414/(-45))?
0
Let b be ((-12)/66 - (-80)/77)*7. Suppose 0 = 3*d - b - 0. What is the tens digit of (-39)/(-12)*24/d?
3
Suppose 11784 = 13*i - 14996. What is the hundreds digit of i?
0
Let y(i) = 38*i + 1684. What is the units digit of y(71)?
2
Suppose -2*j - 37970 = -4*g, -8*g - 4*j - 9489 = -9*g. What is the units digit of g?
3
Suppose -2*l + 38 = -l - 5*p, 2*p - 42 = -4*l. Let t be -9 + l + (0 - 1). Suppose -7*o + t*o = -372. What is the units digit of o?
3
Let r = -353 - -470. What is the tens digit of (3*(-13)/r)/((-2)/276)?
4
Suppose 77317 = 11*k - 4369. What is the hundreds digit of k?
4
Let d(x) = 27*x**2 - 73*x - 149. What is the tens digit of d(-22)?
2
Let t(w) = -w**3 - 10*w**2 + 2*w + 24. Let y be t(-10). Suppose 260 = 2*d - 2*n + 78, -y*d + 3*n = -359. What is the units digit of d?
6
Let p(m) = 26*m - 92. Let g be p(4). Suppose -12405 = -g*y - 3*y. What is the tens digit of y?
2
Let u be ((-6)/5)/(6/(-20)). Let g(v) = 135*v + 552. Let q be g(-4). What is the units digit of 122/u*(q + -8)?
2
Let h(l) = -25*l + 35. Let q be h(12). Let g = q - -513. What is the hundreds digit of g?
2
Let t = -68 - -87. Suppose -5*k - 126 = t. Let s = 46 + k. What is the tens digit of s?
1
Let g = 97 + -12. Suppose -247 = -3*h - g. What is the tens digit of h?
5
Let s = 12499 - 6347. What is the tens digit of s?
5
Suppose 1 = z + 126. Let b be (-1 - -3)*z/(-50). Suppose -b*v - 2*m = -308, 3*m - m + 292 = 5*v. What is the tens digit of v?
6
Suppose -9*t + 16*t - 42 = 0. Suppose -16 = -t*z + 4*z. Suppose 3*b + 249 = u + z*b, 0 = -2*b - 8. What is the tens digit of u?
6
Suppose -b + 1862 = 4*b + u, -1498 = -4*b + 2*u. Suppose 85 - b = -6*n. What is the units digit of (986/(-48) - 6/n)*-6?
4
Suppose 2*f - 68320 = -2*x, 0 = 2*f + 168*x - 163*x - 68323. What is the ten thousands digit of f?
3
Suppose -j + 74*t + 1090 = 78*t, -4*j + 5*t + 4297 = 0. What is the units digit of j?
8
Let z(g) = -2*g**3 + g**2 - 2*g - 2. Let c be z(-1). Suppose -5*y + c*a + 2023 = 0, 0 = 2*y + 3*y + 3*a - 2017. What is the tens digit of y?
0
Let g(k) = -14*k + 4. Let q(y) = 39*y - 7. Let h(a) = -196*a + 36. Let x(i) = -3*h(i) - 14*q(i). Let u(j) = 14*g(j) + 5*x(j). What is the units digit of u(17)?
4
Suppose 0 = 2*q - 5*u - 10516, -5*q + 3*u + u = -26256. What is the units digit of q?
8
Suppose 8 = 13*h - 9*h. Suppose i + 5*r - h*r = 84, 68 = i - r. What is the units digit of i?
2
Suppose -34*d = m - 31*d - 11236, 0 = 4*m + 2*d - 44974. What is the units digit of m?
5
What is the thousands digit of (7513 - 0) + (-216)/72?
7
Let o = -3426 - -10154. What is the units digit of o?
8
Suppose -2631 = -5*f + 3234. Let z = 1705 - f. What is the tens digit of z?
3
Let t(l) = l**3 - 4*l**2 + 3*l - 10. Let k be t(4). Let o be (5 - (6 - 4))*1*k. Suppose m + 70 = o*m. What is the tens digit of m?
1
Let m(z) = -10*z**3 - 20*z**2 - 16*z + 341. What is the units digit of m(-15)?
1
Suppose 0 = -11*q - q + 72. Let k be (-6)/2 + 2 + q/6. Suppose -3*r + f + 100 = k, 30 = r + f - 2. What is the units digit of r?
3
Let o = 65 - 40. Let m = o - 23. Suppose 0 = -5*w - 4*q + 920, -m*w - 4*q = -80 - 300. What is the units digit of w?
0
Let r(v) 